{"id":26,"date":"2018-10-29T14:33:32","date_gmt":"2018-10-29T14:33:32","guid":{"rendered":"http:\/\/www.allcc.es\/?page_id=26"},"modified":"2024-10-19T15:17:37","modified_gmt":"2024-10-19T15:17:37","slug":"gestion-de-documentacion","status":"publish","type":"page","link":"https:\/\/www.allcc.es\/index.php\/gestion-de-documentacion\/","title":{"rendered":"NIE y Residencia"},"content":{"rendered":"\n<p>Un NIE es crucial para comenzar una estancia en Espa\u00f1a. La residencia en Espa\u00f1a le asegura una transici\u00f3n sin problemas en caso de mudanza. <\/p>\n\n\n\n<p>En ALL CONSULTING CONCEPT, estamos especializados en guiar a nuestros clientes a trav\u00e9s del proceso de solicitud. <\/p>\n\n\n\n<p>Nuestro experimentado equipo se encarga de todo el papeleo necesario y act\u00faa de enlace con las autoridades locales para garantizar que sus solicitudes se procesen de manera eficiente. <\/p>\n\n\n\n<p>Somos conscientes de la importancia de estos documentos para su situaci\u00f3n legal y su tranquilidad. <\/p>\n\n\n\n<p>Con nuestra ayuda, podr\u00e1 navegar por el panorama burocr\u00e1tico sin esfuerzo. Conf\u00ede en nuestra experiencia para agilizar sus tr\u00e1mites de residencia y poder disfrutar plenamente de su nueva vida en Tenerife.<\/p>\n\n\n\n<figure class=\"wp-block-image\"><img decoding=\"async\" src=\"https:\/\/www.allcc.es\/wp-content\/uploads\/2024\/10\/NIE-verde-1024x584.jpg\" alt=\"\"\/><\/figure>\n","protected":false},"excerpt":{"rendered":"<p>Un NIE es crucial para comenzar una estancia en Espa\u00f1a. La residencia en Espa\u00f1a le asegura una transici\u00f3n sin problemas en caso de mudanza. En ALL CONSULTING CONCEPT, estamos especializados en guiar a nuestros clientes a trav\u00e9s del proceso de solicitud. Nuestro experimentado equipo se encarga de todo el papeleo necesario y act\u00faa de enlace [&hellip;]<\/p>\n","protected":false},"author":1,"featured_media":48,"parent":0,"menu_order":0,"comment_status":"closed","ping_status":"closed","template":"","meta":{"footnotes":""},"class_list":["post-26","page","type-page","status-publish","has-post-thumbnail","hentry"],"_links":{"self":[{"href":"https:\/\/www.allcc.es\/index.php\/wp-json\/wp\/v2\/pages\/26"}],"collection":[{"href":"https:\/\/www.allcc.es\/index.php\/wp-json\/wp\/v2\/pages"}],"about":[{"href":"https:\/\/www.allcc.es\/index.php\/wp-json\/wp\/v2\/types\/page"}],"author":[{"embeddable":true,"href":"https:\/\/www.allcc.es\/index.php\/wp-json\/wp\/v2\/users\/1"}],"replies":[{"embeddable":true,"href":"https:\/\/www.allcc.es\/index.php\/wp-json\/wp\/v2\/comments?post=26"}],"version-history":[{"count":3,"href":"https:\/\/www.allcc.es\/index.php\/wp-json\/wp\/v2\/pages\/26\/revisions"}],"predecessor-version":[{"id":69,"href":"https:\/\/www.allcc.es\/index.php\/wp-json\/wp\/v2\/pages\/26\/revisions\/69"}],"wp:featuredmedia":[{"embeddable":true,"href":"https:\/\/www.allcc.es\/index.php\/wp-json\/wp\/v2\/media\/48"}],"wp:attachment":[{"href":"https:\/\/www.allcc.es\/index.php\/wp-json\/wp\/v2\/media?parent=26"}],"curies":[{"name":"wp","href":"https:\/\/api.w.org\/{rel}","templated":true}]}}